[INFO] cloning repository https://github.com/sullyj3/Vault
[INFO] running `Command { std: "git" "-c" "credential.helper=" "-c" "credential.helper=/workspace/cargo-home/bin/git-credential-null" "clone" "--bare" "https://github.com/sullyj3/Vault" "/workspace/cache/git-repos/https%3A%2F%2Fgithub.com%2Fsullyj3%2FVault", kill_on_drop: false }`
[INFO] [stderr] Cloning into bare repository '/workspace/cache/git-repos/https%3A%2F%2Fgithub.com%2Fsullyj3%2FVault'...
[INFO] running `Command { std: "git" "rev-parse" "HEAD", kill_on_drop: false }`
[INFO] [stdout] 9d62b43dad5b58c5882cb0ec07d94f485fa62592
[INFO] checking sullyj3/Vault against try#72f88fc4e9458f89516a0b8b0868f3718aec5b47 for pr-74989
[INFO] running `Command { std: "git" "clone" "/workspace/cache/git-repos/https%3A%2F%2Fgithub.com%2Fsullyj3%2FVault" "/workspace/builds/worker-9/source", kill_on_drop: false }`
[INFO] [stderr] Cloning into '/workspace/builds/worker-9/source'...
[INFO] [stderr] done.
[INFO] validating manifest of git repo https://github.com/sullyj3/Vault on toolchain 72f88fc4e9458f89516a0b8b0868f3718aec5b47
[INFO] running `Command { std: "/workspace/cargo-home/bin/cargo" "+72f88fc4e9458f89516a0b8b0868f3718aec5b47" "read-manifest" "--manifest-path" "Cargo.toml", kill_on_drop: false }`
[INFO] started tweaking git repo https://github.com/sullyj3/Vault
[INFO] finished tweaking git repo https://github.com/sullyj3/Vault
[INFO] tweaked toml for git repo https://github.com/sullyj3/Vault written to /workspace/builds/worker-9/source/Cargo.toml
[INFO] crate git repo https://github.com/sullyj3/Vault already has a lockfile, it will not be regenerated
[INFO] running `Command { std: "/workspace/cargo-home/bin/cargo" "+72f88fc4e9458f89516a0b8b0868f3718aec5b47" "fetch" "--locked" "--manifest-path" "Cargo.toml", kill_on_drop: false }`
[INFO] running `Command { std: "docker" "create" "-v" "/var/lib/crater-agent-workspace/builds/worker-9/target:/opt/rustwide/target:rw,Z" "-v" "/var/lib/crater-agent-workspace/builds/worker-9/source:/opt/rustwide/workdir:ro,Z" "-v" "/var/lib/crater-agent-workspace/cargo-home:/opt/rustwide/cargo-home:ro,Z" "-v" "/var/lib/crater-agent-workspace/rustup-home:/opt/rustwide/rustup-home:ro,Z" "-e" "SOURCE_DIR=/opt/rustwide/workdir" "-e" "CARGO_TARGET_DIR=/opt/rustwide/target" "-e" "CARGO_HOME=/opt/rustwide/cargo-home" "-e" "RUSTUP_HOME=/opt/rustwide/rustup-home" "-w" "/opt/rustwide/workdir" "-m" "1610612736" "--user" "0:0" "--network" "none" "rustops/crates-build-env@sha256:d92eaeed33fa75130ca1ee6c8a01d1ffb62bac859dfdfb3450e3e5d1c0146529" "/opt/rustwide/cargo-home/bin/cargo" "+72f88fc4e9458f89516a0b8b0868f3718aec5b47" "metadata" "--no-deps" "--format-version=1", kill_on_drop: false }`
[INFO] [stdout] 108fc811a88cb97b043814b174e54a6586426923e4eaaf4f64ed5088a5f6dcf1
[INFO] [stderr] WARNING: Your kernel does not support swap limit capabilities or the cgroup is not mounted. Memory limited without swap.
[INFO] running `Command { std: "docker" "start" "-a" "108fc811a88cb97b043814b174e54a6586426923e4eaaf4f64ed5088a5f6dcf1", kill_on_drop: false }`
[INFO] running `Command { std: "docker" "inspect" "108fc811a88cb97b043814b174e54a6586426923e4eaaf4f64ed5088a5f6dcf1", kill_on_drop: false }`
[INFO] running `Command { std: "docker" "rm" "-f" "108fc811a88cb97b043814b174e54a6586426923e4eaaf4f64ed5088a5f6dcf1", kill_on_drop: false }`
[INFO] [stdout] 108fc811a88cb97b043814b174e54a6586426923e4eaaf4f64ed5088a5f6dcf1
[INFO] running `Command { std: "docker" "create" "-v" "/var/lib/crater-agent-workspace/builds/worker-9/target:/opt/rustwide/target:rw,Z" "-v" "/var/lib/crater-agent-workspace/builds/worker-9/source:/opt/rustwide/workdir:ro,Z" "-v" "/var/lib/crater-agent-workspace/cargo-home:/opt/rustwide/cargo-home:ro,Z" "-v" "/var/lib/crater-agent-workspace/rustup-home:/opt/rustwide/rustup-home:ro,Z" "-e" "SOURCE_DIR=/opt/rustwide/workdir" "-e" "CARGO_TARGET_DIR=/opt/rustwide/target" "-e" "CARGO_INCREMENTAL=0" "-e" "RUST_BACKTRACE=full" "-e" "RUSTFLAGS=--cap-lints=forbid" "-e" "CARGO_HOME=/opt/rustwide/cargo-home" "-e" "RUSTUP_HOME=/opt/rustwide/rustup-home" "-w" "/opt/rustwide/workdir" "-m" "1610612736" "--user" "0:0" "--network" "none" "rustops/crates-build-env@sha256:d92eaeed33fa75130ca1ee6c8a01d1ffb62bac859dfdfb3450e3e5d1c0146529" "/opt/rustwide/cargo-home/bin/cargo" "+72f88fc4e9458f89516a0b8b0868f3718aec5b47" "check" "--frozen" "--all" "--all-targets" "--message-format=json", kill_on_drop: false }`
[INFO] [stdout] c1503e0e32e7c73aa797a5bd261ef753a06b21b4140ee345a5767675de1f7bc5
[INFO] [stderr] WARNING: Your kernel does not support swap limit capabilities or the cgroup is not mounted. Memory limited without swap.
[INFO] running `Command { std: "docker" "start" "-a" "c1503e0e32e7c73aa797a5bd261ef753a06b21b4140ee345a5767675de1f7bc5", kill_on_drop: false }`
[INFO] [stderr]    Compiling proc-macro2 v1.0.6
[INFO] [stderr]    Compiling unicode-xid v0.2.0
[INFO] [stderr]    Compiling semver-parser v0.7.0
[INFO] [stderr]    Compiling syn v1.0.8
[INFO] [stderr]    Compiling ryu v1.0.2
[INFO] [stderr]    Compiling memchr v2.2.1
[INFO] [stderr]     Checking nodrop v0.1.14
[INFO] [stderr]    Compiling unindent v0.1.5
[INFO] [stderr]     Checking cfg-if v0.1.10
[INFO] [stderr]    Compiling nom v5.0.1
[INFO] [stderr]     Checking arrayvec v0.4.12
[INFO] [stderr]    Compiling semver v0.9.0
[INFO] [stderr]    Compiling rustc_version v0.2.3
[INFO] [stderr]    Compiling lexical-core v0.4.6
[INFO] [stderr]    Compiling quote v1.0.2
[INFO] [stderr]    Compiling proc-macro-hack v0.5.11
[INFO] [stderr]    Compiling indoc-impl v0.3.4
[INFO] [stderr]     Checking indoc v0.3.4
[INFO] [stderr]     Checking vault v0.1.0 (/opt/rustwide/workdir)
[INFO] [stdout] error[E0425]: cannot find function `parse_row` in this scope
[INFO] [stdout]    --> src/main.rs:154:18
[INFO] [stdout]     |
[INFO] [stdout] 154 |     let result = parse_row(data, schema);
[INFO] [stdout]     |                  ^^^^^^^^^ not found in this scope
[INFO] [stdout]     |
[INFO] [stdout] help: consider importing this function
[INFO] [stdout]     |
[INFO] [stdout] 4   | use crate::statement::parse_row;
[INFO] [stdout]     |
[INFO] [stdout] 
[INFO] [stdout] 
[INFO] [stdout] error[E0433]: failed to resolve: use of undeclared type or module `Value`
[INFO] [stdout]    --> src/main.rs:155:28
[INFO] [stdout]     |
[INFO] [stdout] 155 |     let expected = Ok(vec![Value::IntType(0),
[INFO] [stdout]     |                            ^^^^^ not found in this scope
[INFO] [stdout]     |
[INFO] [stdout] help: consider importing this enum
[INFO] [stdout]     |
[INFO] [stdout] 4   | use crate::schema::Value;
[INFO] [stdout]     |
[INFO] [stdout] 
[INFO] [stdout] 
[INFO] [stdout] error[E0433]: failed to resolve: use of undeclared type or module `Value`
[INFO] [stdout]    --> src/main.rs:156:28
[INFO] [stdout]     |
[INFO] [stdout] 156 | ...                   Value::StringType("james".to_string()),
[INFO] [stdout]     |                       ^^^^^ not found in this scope
[INFO] [stdout]     |
[INFO] [stdout] help: consider importing this enum
[INFO] [stdout]     |
[INFO] [stdout] 4   | use crate::schema::Value;
[INFO] [stdout]     |
[INFO] [stdout] 
[INFO] [stdout] 
[INFO] [stdout] error[E0433]: failed to resolve: use of undeclared type or module `Value`
[INFO] [stdout]    --> src/main.rs:157:28
[INFO] [stdout]     |
[INFO] [stdout] 157 | ...                   Value::StringType("sullyj3@gmail.com".to_string())] );
[INFO] [stdout]     |                       ^^^^^ not found in this scope
[INFO] [stdout]     |
[INFO] [stdout] help: consider importing this enum
[INFO] [stdout]     |
[INFO] [stdout] 4   | use crate::schema::Value;
[INFO] [stdout]     |
[INFO] [stdout] 
[INFO] [stdout] 
[INFO] [stdout] error: aborting due to 4 previous errors
[INFO] [stdout] 
[INFO] [stdout] 
[INFO] [stdout] Some errors have detailed explanations: E0425, E0433.
[INFO] [stdout] 
[INFO] [stdout] For more information about an error, try `rustc --explain E0425`.
[INFO] [stdout] 
[INFO] [stderr] error: could not compile `vault`.
[INFO] [stderr] 
[INFO] [stderr] To learn more, run the command again with --verbose.
[INFO] [stderr] warning: build failed, waiting for other jobs to finish...
[INFO] [stderr] error: build failed
[INFO] running `Command { std: "docker" "inspect" "c1503e0e32e7c73aa797a5bd261ef753a06b21b4140ee345a5767675de1f7bc5", kill_on_drop: false }`
[INFO] running `Command { std: "docker" "rm" "-f" "c1503e0e32e7c73aa797a5bd261ef753a06b21b4140ee345a5767675de1f7bc5", kill_on_drop: false }`
[INFO] [stdout] c1503e0e32e7c73aa797a5bd261ef753a06b21b4140ee345a5767675de1f7bc5
